2*l(v) + 5*w(v). Give j(-2).
-11
Let d(s) = 11*s**3 - 27*s**2 + s + 7. Let h be d(2). Let z(o) = o**2 + 5*o - 62. Determine z(h).
4
Let t(h) = -8*h**3 - 3*h**2 - 3*h - 3. Let l(j) = -7*j**3 - 3*j**2 - 3*j - 2. Let p(k) = -7*l(k) + 6*t(k). Let f be 9*2 + -30 + 35 + -26. Give p(f).
-13
Let g(v) = 154*v - 219. Let r(z) = 25*z - 36. Let t(o) = -6*g(o) + 37*r(o). Determine t(4).
-14
Let k(m) be the second derivative of 2*m**2 - 1/12*m**4 + 0 - 4/3*m**3 - 13*m. Let s be -7*2*(10/4)/5. Give k(s).
11
Let q(x) = -9*x - 26. Let g be q(25). Let i = g - -250. Let l(k) = 7*k**2. Give l(i).
7
Let q(f) = -19*f - 1. Let a = 785 + -810. Let u be (-2)/a + 2507/2725. Give q(u).
-20
Let n(h) = -53*h - 371. Let t be n(-7). Suppose -2*c - 4 = 0, 5*g + t = -c - 37. Let s(f) = f**2 + 4*f + 8. Calculate s(g).
29
Let k(z) = 2*z - 8. Let u be k(-5). Let c be ((-2)/4)/(u/(-24) - 1). Let y(x) = -4*x**c + 2*x - 4 - 6*x + 3*x**2. What is y(-6)?
-16
Let w(i) = -69*i + 158*i - 14*i + 50 - 72*i. Calculate w(-20).
-10
Let x(y) be the first derivative of y**5/120 + y**4/12 - 20*y**3/3 - 44. Let k(s) be the third derivative of x(s). What is k(-5)?
-3
Let f(h) = -13*h + 85. Let i(u) = -3*u**2 + 86*u + 1797. Let x be i(-14). Calculate f(x).
20
Let x(q) be the second derivative of -4*q + 1/12*q**4 + 2*q**2 + 0 - 1/2*q**3. Let g(z) = 3*z. Let y be g(1). Give x(y).
4
Let k(x) = 49*x + 1. Let v(z) = 135*z + 3. Let i(u) = 11*k(u) - 4*v(u). What is i(9)?
-10
Let a(k) = 2 + 2 + k**2 - 394*k + 389*k - 8. What is a(-5)?
46
Let w(f) = 0 - 2*f + 3*f + 1. Let r = -93 - -128. Suppose -r = 4*b - 15. Determine w(b).
-4
Let l(i) be the third derivative of 75*i**2 + 1/8*i**4 - 1/2*i**3 - 1/20*i**5 + 1/120*i**6 + 0*i + 0. What is l(3)?
6
Let v(g) = g**3 - 14*g**2 - 6*g + 8. Let i be (-198)/30 - 1*3/(-5). Let z(m) = -m**3 + 13*m**2 + 5*m - 6. Let d(u) = i*v(u) - 7*z(u). Give d(7).
1
Let m(i) be the second derivative of i**3/6 + 5*i**2/2 - 4365*i + 1. Suppose -5*v = -5*x + 15, x + 3 - 6 = 3*v. What is m(v)?
5
Let k(y) = y + 5. Let b(m) = m**2 + 2*m + 9. Let i(l) = 2*b(l) - 5*k(l). Let j(f) = f**2 + 12*f + 14. Let d be j(-11). What is i(d)?
8
Let u(d) = 29*d + 8. Let g be u(-3). Let h = -26 - g. Let z(f) = 22*f - h*f + 27*f + 4. Calculate z(4).
-12
Suppose 4*c - 12 + 32 = 0. Let m(n) be the second derivative of -n**3/3 + n**2 + 280*n + 2. Determine m(c).
12
Suppose -5*n - 10 = -0. Let a(y) be the first derivative of y**4/4 + y**3/3 + y**2/2 + y + 2961. Determine a(n).
-5
Let w(i) = -7*i**3 + 103*i**2 + 3*i + 31. Let d(y) = 8*y**3 - 104*y**2 - 4*y - 32. Let r(c) = -4*d(c) - 5*w(c). Determine r(33).
6
Let c(t) = -t - 319 + 14*t**2 - 490 + 809. Give c(-1).
15
Let u(t) = 2*t**2 - 28*t - 17. Let x = 20215 - 20201. Calculate u(x).
-17
Let j(n) = 3*n + 40 + 32 + 39 - 145 + 38. Determine j(-10).
-26
Let r(i) = 15*i - 50*i + 4*i + 5*i. Determine r(-2).
52
Suppose -2*t = 2*f - 8, -7*t + 6*t + 2*f = 2. Suppose -3*z + 2*z + 3 = -g, 5*g + t*z + 15 = 0. Let u(v) = -v**3 + 2*v**2 + 4*v + 3. Determine u(g).
36
Let t(y) = 2*y**3 - 4*y**2 + 13*y + 33. Let q(m) = -7*m**3 + 17*m**2 - 51*m - 128. Let h(i) = 3*q(i) + 11*t(i). What is h(-8)?
-5
Suppose 3*t + 6*v - 10*v = -28, v = 3*t + 16. Let k be (-21)/35*(2 - 12/t). Let z(u) = 2*u**3 + 5*u**2 + 4*u + 1. Give z(k).
-20
Let g(p) = 49*p**3 - p**2 - 2*p - 2. Let i(v) = 8*v**3 + v**2 - v - 2. Let z(s) = -g(s) + 6*i(s). Give z(7).
-38
Let k(b) = b**3 - b**2 + 3*b - 7. Let u be k(2). Let i(w) = 3*w - u*w**3 - 8*w**2 + 2*w**3 + 9 - 2*w - 4*w**2. What is i(-12)?
-3
Let j be (-5988)/42*-4 + 2/(-7). Let b = -563 + j. Let t(w) = w**3 - 6*w**2 - 2*w - 7. Give t(b).
28
Let k = -9 - -5. Let o(w) be the first derivative of 10 - 1/4*w**4 - 1/2*w**2 - 4/3*w**3 - w. Give o(k).
3
Let v(w) = w + 4. Let y(o) = o + 4. Let u be -12*10/(-45)*(-3)/(-2). Let g(m) = u*v(m) - 3*y(m). Let f(t) = -t**2 + 21. Let l be f(5). Determine g(l).
0
Let w(a) be the first derivative of a**4/4 + a**3 + a**2/2 - 4*a + 10793. Let j be -1 - -1*2/(-2). Determine w(j).
-2
Let w(q) be the third derivative of q**5/20 - q**4/8 + 2*q**3/3 + 21*q**2 - q. Let r be -1*(8 + -11) - 0. Calculate w(r).
22
Let c(k) = k**3 - 6*k**2 - 9*k + 9. Let b be -1 + (-66)/(-15) + 6/(-15). Suppose -o + 30 = b*f + 2*o, -4*o = -f - 5. Determine c(f).
-5
Let l(b) be the second derivative of -b**5/20 - 7*b**4/12 + 4*b**3/3 - b**2/2 + 11*b - 34. Give l(-8).
-1
Let b = 3536 - 3510. Let w(d) be the third derivative of 0*d**3 + 0*d - 1/12*d**4 + 1/120*d**6 - 1/20*d**5 - b*d**2 + 0. Calculate w(3).
-6
Let d(c) = -2. Let f(j) = -12. Let b(p) = 16*d(p) - 3*f(p). Let m(q) = -q - 11. Let o(t) = 2*b(t) + m(t). Let z(x) = x**3 + 4. Let g be z(0). Determine o(g).
-7
Let i(w) = w. Let h(p) be the first derivative of -p**2 - 1615. Let d(b) = -2*b**2 - 3*b. Let k be d(-2). Let g(r) = k*h(r) - 7*i(r). Calculate g(2).
-6
Let p(l) = -3*l**3 + 12*l**2 + 3*l - 6. Let g(b) = b**3 - 19*b**2 - 47*b + 109. Let z be g(21). Calculate p(z).
6
Let w(q) = 8*q - 18. Let u = 176 + -183. Let x(k) = 13*k - 25. Let s(h) = u*w(h) + 5*x(h). Suppose 0 = -3*j + 8*j - 5. Calculate s(j).
10
Let x(f) = -609*f + 1827. Let g be x(3). Let r(w) = -49*w + 10. What is r(g)?
10
Let g(m) = m + 77. Let s(u) = 39. Let a(f) = -3*g(f) + 5*s(f). Let j be a(-15). Let l(z) = j*z**2 + z**3 - 4*z**2 - 13 + 13 - 7*z. Determine l(-6).
6
Let j(r) = r**3 - 7*r**2 - 10*r + 24. Suppose 5*m = -4*y + 223, -16*y + 18*y + 4*m = 116. Suppose -180 = -16*d - y. Calculate j(d).
8
Let v(f) be the second derivative of -1/12*f**4 + 246 - 3/2*f**3 + 2*f + 4*f**2. What is v(-11)?
-14
Let m = 43 + -45. Let h be (-8)/m - 9/3. Let s be (-1 - (-4)/(-1)) + h. Let o(u) = u**2 + 3*u + 4. Give o(s).
8
Let k(t) be the first derivative of -t**2/2 - 6*t - 1183. Give k(-16).
10
Let x be 11 - (0 + (0 - -2)). Suppose -3*k + 15 = -x. Let l be (k/(-4))/2 + -8 + 3. Let i(h) = -2*h - 8. What is i(l)?
4
Let r(u) = -31*u - 215. Let v be r(-7). Let o(t) = 5*t**3 + 4*t**2 - 6*t - 6. Let p(z) = -7*z**3 - 5*z**2 + 7*z + 7. Let d(c) = v*p(c) + 3*o(c). Give d(-3).
-1
Suppose 5*k + 3*m = -0*m - 199, 2*k + 79 = -m. Let w = -24 - k. Let u = w + -7. Let v(g) = -g + 6. Calculate v(u).
-1
Let z be ((-45)/30)/(2 + 21/(-6)) + -6. Let h(v) = -v**3 - 4*v**2 + 2*v - 1. Calculate h(z).
14
Suppose 23 = 4*d - 5*v, -10*d + 5*v = -7*d - 21. Let b(t) = -8 - 485*t + 485*t + 6*t**2 - t**3 + 3*t**d. What is b(9)?
-8
Let q(f) be the second derivative of -4*f**3 - 577*f**2/2 - 3068*f. Determine q(-24).
-1
Let v(r) = 3*r + 9. Let m be (-7)/21*(2 + -3 - -4). Let s be (m + 28/20)*(-14 - 1). Calculate v(s).
-9
Let x(w) = -8*w - 187. Let n be (-2 - (0 + 3 + -6))/((-272)/6256). Determine x(n).
-3
Let o(f) = -2*f**2 - 452 - 41*f + 32*f + 92*f + f**2. Determine o(6).
10
Let m(j) = -5*j + 5. Suppose 313*d - 322*d - 2565 = 0. Let y = d + 280. Give m(y).
30
Let o(s) = 2*s + 6. Let a(k) = 8*k + 522*k**3 - 521*k**3 - 4 + 14*k + 4*k - 14*k**2. Let n be a(12). Suppose -7*d - n - 8 = 0. What is o(d)?
-2
Suppose 4*j + 0*l = -3*l + 9, 26 = j - 4*l. Let o = -91 - -94. Let t(b) = 5*b**2 + 187 - 97 - 86 - b**o - b + b**2. Determine t(j).
-2
Let h(o) be the third derivative of -o**5/60 + 7*o**4/24 + 4*o**3/3 - 4*o**2. Let w be (-4*20/(-40))/((-2)/(-8)). What is h(w)?
0
Suppose 19*m + 546 = 6*m. Let b = m - -102. Let a = b - 53. Let p(v) = -v**3 + 7*v**2 + 9. Determine p(a).
9
Let p = -7 + 2. Let t(a) = 87607*a**2 - 7 - 87606*a**2 - 8*a + 10*a. What is t(p)?
8
Let p = 205 - 205. Let q(r) = 10*r - 11*r + p*r. Let g(h) = -3*h**2 + h + 1. Let v be g(-1). Give q(v).
3
Let n(k) be the first derivative of -k**4/2 + 40*k**3/3 + 22*k**2 - 56*k + 4555. Determine n(21).
-14
Let a(s) = 2*s - 7. Let c(k) = -4. Suppose -18*t = 24 + 30. Let f(i) = t*a(i) + 5*c(i). What is f(-2)?
13
Suppose 24*l = 157 - 37. Suppose -10 - 5 = -3*p - 3*i, 4*i - 25 = -l*p. Let f(t) = -t**3 + 6*t**2 - t + 3. Determine f(p).
23
Suppose -2168*i - 8 = -2170*i - 4*z, 5*z = 20. Let c(q) = -10*q**2 - 33*q + 35. What is c(i)?
7
Let h(p) be the second derivative of 13*p**6/720 - p**5/120 + 22*p**4/3 + 58*p. Let b(j) be the third derivative of h(j). Let t = -4 - -5. Give b(t).
12
Let n(j) = 11*j**2 + 6163 + 6177 - 12*j**2 - 2*j - 12336. Let z(b) = -b - 9. Let o be z(-6). Give n(o).
1
Let g(n) be the third derivative of n**6/24 - 